{"id":85,"date":"2021-04-21T10:44:13","date_gmt":"2021-04-21T08:44:13","guid":{"rendered":"http:\/\/anneliseroussy.fr\/?page_id=85"},"modified":"2021-08-06T11:24:49","modified_gmt":"2021-08-06T09:24:49","slug":"riviere-cailloux","status":"publish","type":"page","link":"https:\/\/anneliseroussy.fr\/index.php\/riviere-cailloux\/","title":{"rendered":"Rivi\u00e8re\/Galets"},"content":{"rendered":"\n<div class=\"wp-block-columns is-layout-flex wp-container-core-columns-is-layout-1 wp-block-columns-is-layout-flex\">\n<div class=\"wp-block-column is-layout-flow wp-block-column-is-layout-flow\">\n<figure class=\"wp-block-image size-large\"><a href=\"http:\/\/anneliseroussy.fr\/wp-content\/uploads\/2021\/04\/C78CA613-D328-4EC7-9CDE-6716910F05A2_1_201_a-scaled.jpeg\"><img loading=\"lazy\" decoding=\"async\" width=\"1024\" height=\"1024\" src=\"http:\/\/anneliseroussy.fr\/wp-content\/uploads\/2021\/04\/C78CA613-D328-4EC7-9CDE-6716910F05A2_1_201_a-1024x1024.jpeg\" alt=\"galets c\u00e9ramiques, \u00e9maux cr\u00e9\u00e9s avec des min\u00e9raux collect\u00e9s dans la nature en Ard\u00e8che\" class=\"wp-image-86\" srcset=\"https:\/\/anneliseroussy.fr\/wp-content\/uploads\/2021\/04\/C78CA613-D328-4EC7-9CDE-6716910F05A2_1_201_a-1024x1024.jpeg 1024w, https:\/\/anneliseroussy.fr\/wp-content\/uploads\/2021\/04\/C78CA613-D328-4EC7-9CDE-6716910F05A2_1_201_a-scaled-324x324.jpeg 324w, https:\/\/anneliseroussy.fr\/wp-content\/uploads\/2021\/04\/C78CA613-D328-4EC7-9CDE-6716910F05A2_1_201_a-scaled-100x100.jpeg 100w, https:\/\/anneliseroussy.fr\/wp-content\/uploads\/2021\/04\/C78CA613-D328-4EC7-9CDE-6716910F05A2_1_201_a-scaled-416x416.jpeg 416w, https:\/\/anneliseroussy.fr\/wp-content\/uploads\/2021\/04\/C78CA613-D328-4EC7-9CDE-6716910F05A2_1_201_a-300x300.jpeg 300w, https:\/\/anneliseroussy.fr\/wp-content\/uploads\/2021\/04\/C78CA613-D328-4EC7-9CDE-6716910F05A2_1_201_a-150x150.jpeg 150w, https:\/\/anneliseroussy.fr\/wp-content\/uploads\/2021\/04\/C78CA613-D328-4EC7-9CDE-6716910F05A2_1_201_a-768x768.jpeg 768w, https:\/\/anneliseroussy.fr\/wp-content\/uploads\/2021\/04\/C78CA613-D328-4EC7-9CDE-6716910F05A2_1_201_a-1536x1536.jpeg 1536w, https:\/\/anneliseroussy.fr\/wp-content\/uploads\/2021\/04\/C78CA613-D328-4EC7-9CDE-6716910F05A2_1_201_a-2048x2048.jpeg 2048w\" sizes=\"(max-width: 1024px) 100vw, 1024px\" \/><\/a><figcaption>Galets en c\u00e9ramique, \u00e9maux avec des min\u00e9raux collect\u00e9s en Ard\u00e8che<\/figcaption><\/figure>\n<\/div>\n\n\n\n<div class=\"wp-block-column is-layout-flow wp-block-column-is-layout-flow\">\n<figure class=\"wp-block-image size-large\"><a href=\"http:\/\/anneliseroussy.fr\/wp-content\/uploads\/2021\/07\/02046F51-9EC6-4ABE-8752-E90D8EDC342B_1_201_a-scaled.jpeg\"><img loading=\"lazy\" decoding=\"async\" width=\"1024\" height=\"1024\" src=\"http:\/\/anneliseroussy.fr\/wp-content\/uploads\/2021\/07\/02046F51-9EC6-4ABE-8752-E90D8EDC342B_1_201_a-1024x1024.jpeg\" alt=\"\" class=\"wp-image-212\" srcset=\"https:\/\/anneliseroussy.fr\/wp-content\/uploads\/2021\/07\/02046F51-9EC6-4ABE-8752-E90D8EDC342B_1_201_a-1024x1024.jpeg 1024w, https:\/\/anneliseroussy.fr\/wp-content\/uploads\/2021\/07\/02046F51-9EC6-4ABE-8752-E90D8EDC342B_1_201_a-300x300.jpeg 300w, https:\/\/anneliseroussy.fr\/wp-content\/uploads\/2021\/07\/02046F51-9EC6-4ABE-8752-E90D8EDC342B_1_201_a-150x150.jpeg 150w, https:\/\/anneliseroussy.fr\/wp-content\/uploads\/2021\/07\/02046F51-9EC6-4ABE-8752-E90D8EDC342B_1_201_a-768x768.jpeg 768w, https:\/\/anneliseroussy.fr\/wp-content\/uploads\/2021\/07\/02046F51-9EC6-4ABE-8752-E90D8EDC342B_1_201_a-1536x1536.jpeg 1536w, https:\/\/anneliseroussy.fr\/wp-content\/uploads\/2021\/07\/02046F51-9EC6-4ABE-8752-E90D8EDC342B_1_201_a-2048x2048.jpeg 2048w, https:\/\/anneliseroussy.fr\/wp-content\/uploads\/2021\/07\/02046F51-9EC6-4ABE-8752-E90D8EDC342B_1_201_a-324x324.jpeg 324w, https:\/\/anneliseroussy.fr\/wp-content\/uploads\/2021\/07\/02046F51-9EC6-4ABE-8752-E90D8EDC342B_1_201_a-416x416.jpeg 416w, https:\/\/anneliseroussy.fr\/wp-content\/uploads\/2021\/07\/02046F51-9EC6-4ABE-8752-E90D8EDC342B_1_201_a-100x100.jpeg 100w\" sizes=\"(max-width: 1024px) 100vw, 1024px\" \/><\/a><\/figure>\n<\/div>\n\n\n\n<div class=\"wp-block-column is-layout-flow wp-block-column-is-layout-flow\">\n<figure class=\"wp-block-image size-large\"><a href=\"http:\/\/anneliseroussy.fr\/wp-content\/uploads\/2021\/04\/731E786E-F99B-4C99-B002-1798BA7F7CD0_1_201_a-scaled.jpeg\"><img loading=\"lazy\" decoding=\"async\" width=\"1024\" height=\"1024\" src=\"http:\/\/anneliseroussy.fr\/wp-content\/uploads\/2021\/04\/731E786E-F99B-4C99-B002-1798BA7F7CD0_1_201_a-1024x1024.jpeg\" alt=\"\" class=\"wp-image-91\" srcset=\"https:\/\/anneliseroussy.fr\/wp-content\/uploads\/2021\/04\/731E786E-F99B-4C99-B002-1798BA7F7CD0_1_201_a-1024x1024.jpeg 1024w, https:\/\/anneliseroussy.fr\/wp-content\/uploads\/2021\/04\/731E786E-F99B-4C99-B002-1798BA7F7CD0_1_201_a-scaled-324x324.jpeg 324w, https:\/\/anneliseroussy.fr\/wp-content\/uploads\/2021\/04\/731E786E-F99B-4C99-B002-1798BA7F7CD0_1_201_a-scaled-100x100.jpeg 100w, https:\/\/anneliseroussy.fr\/wp-content\/uploads\/2021\/04\/731E786E-F99B-4C99-B002-1798BA7F7CD0_1_201_a-scaled-416x416.jpeg 416w, https:\/\/anneliseroussy.fr\/wp-content\/uploads\/2021\/04\/731E786E-F99B-4C99-B002-1798BA7F7CD0_1_201_a-300x300.jpeg 300w, https:\/\/anneliseroussy.fr\/wp-content\/uploads\/2021\/04\/731E786E-F99B-4C99-B002-1798BA7F7CD0_1_201_a-150x150.jpeg 150w, https:\/\/anneliseroussy.fr\/wp-content\/uploads\/2021\/04\/731E786E-F99B-4C99-B002-1798BA7F7CD0_1_201_a-768x768.jpeg 768w, https:\/\/anneliseroussy.fr\/wp-content\/uploads\/2021\/04\/731E786E-F99B-4C99-B002-1798BA7F7CD0_1_201_a-1536x1536.jpeg 1536w, https:\/\/anneliseroussy.fr\/wp-content\/uploads\/2021\/04\/731E786E-F99B-4C99-B002-1798BA7F7CD0_1_201_a-2048x2048.jpeg 2048w\" sizes=\"(max-width: 1024px) 100vw, 1024px\" \/><\/a><\/figure>\n<\/div>\n<\/div>\n\n\n\n<div class=\"wp-block-columns is-layout-flex wp-container-core-columns-is-layout-2 wp-block-columns-is-layout-flex\">\n<div class=\"wp-block-column is-layout-flow wp-block-column-is-layout-flow\"><\/div>\n\n\n\n<div class=\"wp-block-column is-layout-flow wp-block-column-is-layout-flow\"><\/div>\n\n\n\n<div class=\"wp-block-column is-layout-flow wp-block-column-is-layout-flow\"><\/div>\n<\/div>\n\n\n\n<div class=\"wp-block-columns is-layout-flex wp-container-core-columns-is-layout-3 wp-block-columns-is-layout-flex\">\n<div class=\"wp-block-column is-layout-flow wp-block-column-is-layout-flow\"><\/div>\n\n\n\n<div class=\"wp-block-column is-layout-flow wp-block-column-is-layout-flow\"><\/div>\n\n\n\n<div class=\"wp-block-column is-layout-flow wp-block-column-is-layout-flow\"><\/div>\n<\/div>\n\n\n\n<p><\/p>\n","protected":false},"excerpt":{"rendered":"","protected":false},"author":1,"featured_media":0,"parent":0,"menu_order":0,"comment_status":"closed","ping_status":"closed","template":"","meta":{"footnotes":""},"class_list":["post-85","page","type-page","status-publish","hentry"],"_links":{"self":[{"href":"https:\/\/anneliseroussy.fr\/index.php\/wp-json\/wp\/v2\/pages\/85"}],"collection":[{"href":"https:\/\/anneliseroussy.fr\/index.php\/wp-json\/wp\/v2\/pages"}],"about":[{"href":"https:\/\/anneliseroussy.fr\/index.php\/wp-json\/wp\/v2\/types\/page"}],"author":[{"embeddable":true,"href":"https:\/\/anneliseroussy.fr\/index.php\/wp-json\/wp\/v2\/users\/1"}],"replies":[{"embeddable":true,"href":"https:\/\/anneliseroussy.fr\/index.php\/wp-json\/wp\/v2\/comments?post=85"}],"version-history":[{"count":8,"href":"https:\/\/anneliseroussy.fr\/index.php\/wp-json\/wp\/v2\/pages\/85\/revisions"}],"predecessor-version":[{"id":301,"href":"https:\/\/anneliseroussy.fr\/index.php\/wp-json\/wp\/v2\/pages\/85\/revisions\/301"}],"wp:attachment":[{"href":"https:\/\/anneliseroussy.fr\/index.php\/wp-json\/wp\/v2\/media?parent=85"}],"curies":[{"name":"wp","href":"https:\/\/api.w.org\/{rel}","templated":true}]}}